{"id":159,"date":"2026-01-07T12:03:41","date_gmt":"2026-01-07T12:03:41","guid":{"rendered":"https:\/\/schuetzenverein-buch.de\/?page_id=159"},"modified":"2026-01-21T06:45:31","modified_gmt":"2026-01-21T06:45:31","slug":"wilde-bande","status":"publish","type":"page","link":"https:\/\/schuetzenverein-buch.de\/?page_id=159","title":{"rendered":"Wilde Bande"},"content":{"rendered":"\t\t<div data-elementor-type=\"wp-page\" data-elementor-id=\"159\" class=\"elementor elementor-159\">\n\t\t\t\t<div class=\"elementor-element elementor-element-afe42a6 e-con-full e-flex wpr-particle-no wpr-jarallax-no wpr-parallax-no wpr-sticky-section-no wpr-equal-height-no e-con e-parent\" data-id=\"afe42a6\" data-element_type=\"container\" data-e-type=\"container\">\n\t\t<div class=\"elementor-element elementor-element-62ab291 e-con-full e-flex wpr-particle-no wpr-jarallax-no wpr-parallax-no wpr-sticky-section-no wpr-equal-height-no e-con e-child\" data-id=\"62ab291\" data-element_type=\"container\" data-e-type=\"container\">\n\t\t\t\t<div class=\"elementor-element elementor-element-42f40e8 elementor-widget elementor-widget-text-editor\" data-id=\"42f40e8\" data-element_type=\"widget\" data-e-type=\"widget\" data-widget_type=\"text-editor.default\">\n\t\t\t\t\t\t\t\t\t<p><strong>Ansprechpartnerin:<\/strong><\/p><p>Leiterin Tanzen<\/p><p>Laura Mayle<\/p><p>Michaela Binder<\/p><p>tanz(at)schuetzenverein-buch.de<\/p>\t\t\t\t\t\t\t\t<\/div>\n\t\t\t\t<\/div>\n\t\t<div class=\"elementor-element elementor-element-93fdc01 e-con-full e-flex wpr-particle-no wpr-jarallax-no wpr-parallax-no wpr-sticky-section-no wpr-equal-height-no e-con e-child\" data-id=\"93fdc01\" data-element_type=\"container\" data-e-type=\"container\">\n\t\t\t\t<div class=\"elementor-element elementor-element-647aa14 elementor-widget elementor-widget-text-editor\" data-id=\"647aa14\" data-element_type=\"widget\" data-e-type=\"widget\" data-widget_type=\"text-editor.default\">\n\t\t\t\t\t\t\t\t\t<p><strong>Allgemein:<\/strong><\/p><p>Seit dem 10. Oktober 2024 besteht die j\u00fcngste Tanzgruppe des Vereins. Wir trainieren einmal pro Woche immer donnerstags um 16.00 Uhr.<\/p><p><strong>Trainingsinhalte:<\/strong><\/p><p>Nach unserem Schlachtruf geht es direkt mit dem Aufw\u00e4rmen los. Hier kommen verschiedene Mitmacht\u00e4nze zum Einsatz, um das Training abwechslungsreich zu gestalten.<\/p><p>Anschlie\u00dfend erlernen wir spielerisch die wichtigsten Elemente f\u00fcrs Tanzen &#8211; Taktgef\u00fchl, Rhythmusverst\u00e4ndnis und synchrones Bewegen. Nat\u00fcrlich d\u00fcrfen zwischendurch und zum Abschluss Spiele, Massagen oder auch Yoga\u00fcbungen nicht fehlen.<\/p><p><strong>Trainingsziele:<\/strong><\/p><p>Im Training soll vor allem der Spa\u00df an der Bewegung, am Tanzen und dem Erlernen von Choreographien geweckt werden. Es werden gemeinsam T\u00e4nze f\u00fcr verschiedene Anl\u00e4sse ge\u00fcbt.<\/p><p><strong>Trainingszeiten:\u00a0<\/strong>Donnerstag von 16:00 Uhr bis 16:45 Uhr<\/p><p><strong>Altersbereich:\u00a0<\/strong>Jahrgang 2019\/20 &#8211; 2020\/21<\/p><p><strong>\u00dcbungsleiterinnen:\u00a0<\/strong>Celina Hersacher &amp; Sabrina Jordan<\/p>\t\t\t\t\t\t\t\t<\/div>\n\t\t\t\t<\/div>\n\t\t<div class=\"elementor-element elementor-element-7efa091 e-con-full e-flex wpr-particle-no wpr-jarallax-no wpr-parallax-no wpr-sticky-section-no wpr-equal-height-no e-con e-child\" data-id=\"7efa091\" data-element_type=\"container\" data-e-type=\"container\">\n\t\t\t\t<div class=\"elementor-element elementor-element-0ed1c7a elementor-widget elementor-widget-image\" data-id=\"0ed1c7a\" data-element_type=\"widget\" data-e-type=\"widget\" data-widget_type=\"image.default\">\n\t\t\t\t\t\t\t\t\t\t\t\t\t\t\t\t<a href=\"https:\/\/schuetzenverein-buch.de\/wp-content\/uploads\/2026\/01\/12-SVBuch_Gruppenbilder-012.jpg\" data-elementor-open-lightbox=\"yes\" data-elementor-lightbox-title=\"12 - SVBuch_Gruppenbilder-012\" data-e-action-hash=\"#elementor-action%3Aaction%3Dlightbox%26settings%3DeyJpZCI6MTcwLCJ1cmwiOiJodHRwczpcL1wvc2NodWV0emVudmVyZWluLWJ1Y2guZGVcL3dwLWNvbnRlbnRcL3VwbG9hZHNcLzIwMjZcLzAxXC8xMi1TVkJ1Y2hfR3J1cHBlbmJpbGRlci0wMTIuanBnIn0%3D\">\n\t\t\t\t\t\t\t<img decoding=\"async\" src=\"https:\/\/schuetzenverein-buch.de\/wp-content\/uploads\/elementor\/thumbs\/12-SVBuch_Gruppenbilder-012-rhayycbbhmuqy3s8pak7pk1ox7lh32va1an1icdqds.jpg\" title=\"12 &#8211; SVBuch_Gruppenbilder-012\" alt=\"12 - SVBuch_Gruppenbilder-012\" loading=\"lazy\" \/>\t\t\t\t\t\t\t\t<\/a>\n\t\t\t\t\t\t\t\t\t\t\t\t\t\t\t<\/div>\n\t\t\t\t<\/div>\n\t\t\t\t<\/div>\n\t\t<div class=\"elementor-element elementor-element-e6af36f e-con-full e-flex wpr-particle-no wpr-jarallax-no wpr-parallax-no wpr-sticky-section-no wpr-equal-height-no e-con e-parent\" data-id=\"e6af36f\" data-element_type=\"container\" data-e-type=\"container\">\n\t\t\t\t<\/div>\n\t\t\t\t<\/div>\n\t\t","protected":false},"excerpt":{"rendered":"<p>Ansprechpartnerin: Leiterin Tanzen Laura Mayle Michaela Binder tanz(at)schuetzenverein-buch.de Allgemein: Seit dem 10. Oktober 2024 besteht die j\u00fcngste Tanzgruppe des Vereins. Wir trainieren einmal pro Woche immer donnerstags um 16.00 Uhr. Trainingsinhalte: Nach unserem Schlachtruf geht es direkt mit dem Aufw\u00e4rmen los. Hier kommen verschiedene Mitmacht\u00e4nze zum Einsatz, um das Training abwechslungsreich zu gestalten. Anschlie\u00dfend erlernen wir spielerisch die wichtigsten Elemente f\u00fcrs Tanzen &#8211; Taktgef\u00fchl, Rhythmusverst\u00e4ndnis und synchrones Bewegen. Nat\u00fcrlich d\u00fcrfen zwischendurch und zum Abschluss Spiele, Massagen oder auch Yoga\u00fcbungen nicht fehlen. Trainingsziele: Im Training soll vor allem der Spa\u00df an der Bewegung, am Tanzen und dem Erlernen von Choreographien geweckt werden. Es werden gemeinsam T\u00e4nze f\u00fcr verschiedene Anl\u00e4sse ge\u00fcbt. Trainingszeiten:\u00a0Donnerstag von 16:00 Uhr bis 16:45 Uhr Altersbereich:\u00a0Jahrgang 2019\/20 &#8211; 2020\/21 \u00dcbungsleiterinnen:\u00a0Celina Hersacher &amp; Sabrina Jordan<\/p>\n","protected":false},"author":1,"featured_media":0,"parent":79,"menu_order":1,"comment_status":"closed","ping_status":"closed","template":"","meta":{"_crdt_document":"","pgc_sgb_lightbox_settings":"","ocean_post_layout":"","ocean_both_sidebars_style":"","ocean_both_sidebars_content_width":0,"ocean_both_sidebars_sidebars_width":0,"ocean_sidebar":"0","ocean_second_sidebar":"0","ocean_disable_margins":"enable","ocean_add_body_class":"","ocean_shortcode_before_top_bar":"","ocean_shortcode_after_top_bar":"","ocean_shortcode_before_header":"","ocean_shortcode_after_header":"","ocean_has_shortcode":"","ocean_shortcode_after_title":"","ocean_shortcode_before_footer_widgets":"","ocean_shortcode_after_footer_widgets":"","ocean_shortcode_before_footer_bottom":"","ocean_shortcode_after_footer_bottom":"","ocean_display_top_bar":"default","ocean_display_header":"default","ocean_header_style":"","ocean_center_header_left_menu":"0","ocean_custom_header_template":"0","ocean_custom_logo":0,"ocean_custom_retina_logo":0,"ocean_custom_logo_max_width":0,"ocean_custom_logo_tablet_max_width":0,"ocean_custom_logo_mobile_max_width":0,"ocean_custom_logo_max_height":0,"ocean_custom_logo_tablet_max_height":0,"ocean_custom_logo_mobile_max_height":0,"ocean_header_custom_menu":"0","ocean_menu_typo_font_family":"0","ocean_menu_typo_font_subset":"","ocean_menu_typo_font_size":0,"ocean_menu_typo_font_size_tablet":0,"ocean_menu_typo_font_size_mobile":0,"ocean_menu_typo_font_size_unit":"px","ocean_menu_typo_font_weight":"","ocean_menu_typo_font_weight_tablet":"","ocean_menu_typo_font_weight_mobile":"","ocean_menu_typo_transform":"","ocean_menu_typo_transform_tablet":"","ocean_menu_typo_transform_mobile":"","ocean_menu_typo_line_height":0,"ocean_menu_typo_line_height_tablet":0,"ocean_menu_typo_line_height_mobile":0,"ocean_menu_typo_line_height_unit":"","ocean_menu_typo_spacing":0,"ocean_menu_typo_spacing_tablet":0,"ocean_menu_typo_spacing_mobile":0,"ocean_menu_typo_spacing_unit":"","ocean_menu_link_color":"","ocean_menu_link_color_hover":"","ocean_menu_link_color_active":"","ocean_menu_link_background":"","ocean_menu_link_hover_background":"","ocean_menu_link_active_background":"","ocean_menu_social_links_bg":"","ocean_menu_social_hover_links_bg":"","ocean_menu_social_links_color":"","ocean_menu_social_hover_links_color":"","ocean_disable_title":"default","ocean_disable_heading":"default","ocean_post_title":"","ocean_post_subheading":"","ocean_post_title_style":"","ocean_post_title_background_color":"","ocean_post_title_background":0,"ocean_post_title_bg_image_position":"","ocean_post_title_bg_image_attachment":"","ocean_post_title_bg_image_repeat":"","ocean_post_title_bg_image_size":"","ocean_post_title_height":0,"ocean_post_title_bg_overlay":0.5,"ocean_post_title_bg_overlay_color":"","ocean_disable_breadcrumbs":"default","ocean_breadcrumbs_color":"","ocean_breadcrumbs_separator_color":"","ocean_breadcrumbs_links_color":"","ocean_breadcrumbs_links_hover_color":"","ocean_display_footer_widgets":"default","ocean_display_footer_bottom":"default","ocean_custom_footer_template":"0","footnotes":""},"class_list":["post-159","page","type-page","status-publish","hentry","entry"],"_links":{"self":[{"href":"https:\/\/schuetzenverein-buch.de\/index.php?rest_route=\/wp\/v2\/pages\/159","targetHints":{"allow":["GET"]}}],"collection":[{"href":"https:\/\/schuetzenverein-buch.de\/index.php?rest_route=\/wp\/v2\/pages"}],"about":[{"href":"https:\/\/schuetzenverein-buch.de\/index.php?rest_route=\/wp\/v2\/types\/page"}],"author":[{"embeddable":true,"href":"https:\/\/schuetzenverein-buch.de\/index.php?rest_route=\/wp\/v2\/users\/1"}],"replies":[{"embeddable":true,"href":"https:\/\/schuetzenverein-buch.de\/index.php?rest_route=%2Fwp%2Fv2%2Fcomments&post=159"}],"version-history":[{"count":0,"href":"https:\/\/schuetzenverein-buch.de\/index.php?rest_route=\/wp\/v2\/pages\/159\/revisions"}],"up":[{"embeddable":true,"href":"https:\/\/schuetzenverein-buch.de\/index.php?rest_route=\/wp\/v2\/pages\/79"}],"wp:attachment":[{"href":"https:\/\/schuetzenverein-buch.de\/index.php?rest_route=%2Fwp%2Fv2%2Fmedia&parent=159"}],"curies":[{"name":"wp","href":"https:\/\/api.w.org\/{rel}","templated":true}]}}